{"id":907,"date":"2024-04-28T22:34:05","date_gmt":"2024-04-28T20:34:05","guid":{"rendered":"https:\/\/m13solidaire.fr\/?page_id=907"},"modified":"2024-10-20T10:59:35","modified_gmt":"2024-10-20T08:59:35","slug":"accompagnement-personnalise","status":"publish","type":"page","link":"https:\/\/m13solidaire.fr\/?page_id=907","title":{"rendered":"Accompagnement Scolaire"},"content":{"rendered":"\n<div class=\"wp-block-stackable-columns stk-block-columns stk-block stk-ca08e18\" data-block-id=\"ca08e18\"><div class=\"stk-row stk-inner-blocks stk-block-content stk-content-align stk-ca08e18-column\">\n<div class=\"wp-block-stackable-column stk-block-column stk-column stk-block stk-a78bb57\" data-v=\"4\" data-block-id=\"a78bb57\"><div class=\"stk-column-wrapper stk-block-column__content stk-container stk-a78bb57-container stk--no-background stk--no-padding\"><div class=\"stk-block-content stk-inner-blocks stk-a78bb57-inner-blocks\">\n<figure class=\"wp-block-image size-large\"><img fetchpriority=\"high\" decoding=\"async\" width=\"1024\" height=\"645\" src=\"https:\/\/m13solidaire.fr\/wp-content\/uploads\/2024\/07\/1632143431-1024x645.jpg\" alt=\"\" class=\"wp-image-1533\" srcset=\"https:\/\/m13solidaire.fr\/wp-content\/uploads\/2024\/07\/1632143431-1024x645.jpg 1024w, https:\/\/m13solidaire.fr\/wp-content\/uploads\/2024\/07\/1632143431-300x189.jpg 300w, https:\/\/m13solidaire.fr\/wp-content\/uploads\/2024\/07\/1632143431-768x484.jpg 768w, https:\/\/m13solidaire.fr\/wp-content\/uploads\/2024\/07\/1632143431-600x378.jpg 600w, https:\/\/m13solidaire.fr\/wp-content\/uploads\/2024\/07\/1632143431.jpg 1177w\" sizes=\"(max-width: 1024px) 100vw, 1024px\" \/><\/figure>\n<\/div><\/div><\/div>\n\n\n\n<div class=\"wp-block-stackable-column stk-block-column stk-column stk-block stk-1baf41c\" data-v=\"4\" data-block-id=\"1baf41c\"><div class=\"stk-column-wrapper stk-block-column__content stk-container stk-1baf41c-container stk--no-background stk--no-padding\"><div class=\"stk-block-content stk-inner-blocks stk-1baf41c-inner-blocks\">\n<p>Le centre propose l\u2019accompagnement scolaire pour les enfants et adolescents, de la primaire jusqu\u2019au lyc\u00e9e, \u00e0 raison de 2 s\u00e9ances par semaine.&nbsp;<\/p>\n\n\n\n<p><strong>Objectifs :<\/strong>&nbsp;<\/p>\n\n\n\n<ul class=\"wp-block-list\">\n<li>Apporter des m\u00e9thodes et des outils pour permettre \u00e0 l\u2019enfant de d\u00e9velopper son autonomie<\/li>\n\n\n\n<li>Accompagner les enfants pour d\u00e9passer leurs difficult\u00e9s<\/li>\n\n\n\n<li>D\u00e9velopper l\u2019ouverture culturelle des enfants par le biais d\u2019activit\u00e9s&nbsp;<\/li>\n<\/ul>\n\n\n\n<p><strong>Modalit\u00e9s d\u2019inscription :\u00a0<\/strong><\/p>\n\n\n\n<ul class=\"wp-block-list\">\n<li>Adh\u00e9sion au centre Obligatoire<\/li>\n\n\n\n<li>Nombre de places tr\u00e8s limit\u00e9es (il se peut qu\u2019il n\u2019y ait aucune nouvelle place pour la nouvelle ann\u00e9e)<\/li>\n\n\n\n<li>Ouverture des nouvelles inscriptions d\u00e8s la premi\u00e8re semaine de Septembre<\/li>\n\n\n\n<li>Pour les enfants d\u00e9j\u00e0 inscrits, la r\u00e9inscription se fait en priorit\u00e9<\/li>\n<\/ul>\n\n\n\n<p>Une fois l\u2019enfant inscrit et avec la forte demande, ces s\u00e9ances sont OBLIGATOIRES<\/p>\n<\/div><\/div><\/div>\n<\/div><\/div>\n\n\n\n<p><strong>Les Horaires<\/strong><\/p>\n\n\n\n<figure class=\"wp-block-table\"><table><tbody><tr><td><strong>Primaire<\/strong><\/td><td><strong>Coll\u00e8ge<\/strong><\/td><td><strong>Lyc\u00e9e<\/strong><\/td><\/tr><tr><td>Mardi et Jeudi<br>16h30 &#8211; 18h30<\/td><td>Mercredi : 18h &#8211; 19h30<br>Vendredi : 17h30 &#8211; 19h&nbsp;<\/td><td><br>Horaires selon leur emploi du temps<\/td><\/tr><\/tbody><\/table><\/figure>\n","protected":false},"excerpt":{"rendered":"<p>Le centre propose l\u2019accompagnement scolaire pour les enfants et adolescents, de la primaire jusqu\u2019au lyc\u00e9e, \u00e0 raison de 2 s\u00e9ances par semaine.&nbsp; Objectifs :&nbsp; Modalit\u00e9s d\u2019inscription :\u00a0 Une fois l\u2019enfant inscrit et avec la forte demande, ces s\u00e9ances sont OBLIGATOIRES Les Horaires Primaire Coll\u00e8ge Lyc\u00e9e Mardi et Jeudi16h30 &#8211; 18h30 Mercredi : 18h &#8211; 19h30Vendredi [&hellip;]<\/p>\n","protected":false},"author":1,"featured_media":0,"parent":0,"menu_order":0,"comment_status":"closed","ping_status":"closed","template":"","meta":{"footnotes":""},"class_list":["post-907","page","type-page","status-publish","hentry"],"blocksy_meta":[],"_links":{"self":[{"href":"https:\/\/m13solidaire.fr\/index.php?rest_route=\/wp\/v2\/pages\/907","targetHints":{"allow":["GET"]}}],"collection":[{"href":"https:\/\/m13solidaire.fr\/index.php?rest_route=\/wp\/v2\/pages"}],"about":[{"href":"https:\/\/m13solidaire.fr\/index.php?rest_route=\/wp\/v2\/types\/page"}],"author":[{"embeddable":true,"href":"https:\/\/m13solidaire.fr\/index.php?rest_route=\/wp\/v2\/users\/1"}],"replies":[{"embeddable":true,"href":"https:\/\/m13solidaire.fr\/index.php?rest_route=%2Fwp%2Fv2%2Fcomments&post=907"}],"version-history":[{"count":5,"href":"https:\/\/m13solidaire.fr\/index.php?rest_route=\/wp\/v2\/pages\/907\/revisions"}],"predecessor-version":[{"id":1816,"href":"https:\/\/m13solidaire.fr\/index.php?rest_route=\/wp\/v2\/pages\/907\/revisions\/1816"}],"wp:attachment":[{"href":"https:\/\/m13solidaire.fr\/index.php?rest_route=%2Fwp%2Fv2%2Fmedia&parent=907"}],"curies":[{"name":"wp","href":"https:\/\/api.w.org\/{rel}","templated":true}]}}