{"id":812,"date":"2024-04-21T12:58:01","date_gmt":"2024-04-21T10:58:01","guid":{"rendered":"https:\/\/m13solidaire.fr\/?page_id=812"},"modified":"2024-09-12T01:43:27","modified_gmt":"2024-09-11T23:43:27","slug":"nos-services-2","status":"publish","type":"page","link":"https:\/\/m13solidaire.fr\/?page_id=812","title":{"rendered":"Nos services"},"content":{"rendered":"\n<div class=\"wp-block-stackable-columns stk-block-columns stk-block stk-11ba718\" data-block-id=\"11ba718\"><div class=\"stk-row stk-inner-blocks stk-block-content stk-content-align stk-11ba718-column\">\n<div class=\"wp-block-stackable-column stk-block-column stk-column stk-block stk-2735e76\" data-v=\"4\" data-block-id=\"2735e76\"><div class=\"stk-column-wrapper stk-block-column__content stk-container stk-2735e76-container stk--no-background stk--no-padding\"><div class=\"stk-block-content stk-inner-blocks stk-2735e76-inner-blocks\">\n<div class=\"wp-block-stackable-card stk-block-card stk-block stk-4d6f486 is-style-default-2\" data-v=\"2\" data-block-id=\"4d6f486\"><style>.stk-4d6f486 .stk-block-card__image{height:175px !important}<\/style><div class=\"stk--no-padding stk-container stk-4d6f486-container stk-hover-parent\"><figure class=\"stk-block-card__image stk-img-wrapper stk-image--shape-stretch\"><img fetchpriority=\"high\" decoding=\"async\" class=\"stk-img wp-image-954\" src=\"https:\/\/m13solidaire.fr\/wp-content\/uploads\/2024\/05\/accompagnement-scolarite.jpg\" width=\"602\" height=\"361\" srcset=\"https:\/\/m13solidaire.fr\/wp-content\/uploads\/2024\/05\/accompagnement-scolarite.jpg 602w, https:\/\/m13solidaire.fr\/wp-content\/uploads\/2024\/05\/accompagnement-scolarite-300x180.jpg 300w, https:\/\/m13solidaire.fr\/wp-content\/uploads\/2024\/05\/accompagnement-scolarite-600x360.jpg 600w\" sizes=\"(max-width: 602px) 100vw, 602px\" \/><\/figure><div class=\"stk-container-padding stk-block-card__content\"><div class=\"stk-block-content stk-inner-blocks stk-4d6f486-inner-blocks\">\n<h3 class=\"wp-block-heading\"><strong>Accompagnement \u00e0 la scolarit\u00e9<\/strong><\/h3>\n\n\n\n<div class=\"wp-block-stackable-text stk-block-text stk-block stk-0d23ae5\" data-block-id=\"0d23ae5\"><p class=\"stk-block-text__text\">Aide aux devoirs et soutien p\u00e9dagogique pour les \u00e9l\u00e8ves afin de les aider dans leur r\u00e9ussite scolaire.<\/p><\/div>\n\n\n\n<div class=\"wp-block-stackable-columns alignfull stk-block-columns stk-block stk-af70c86\" data-block-id=\"af70c86\"><style>.stk-af70c86 .stk--block-align-af70c86{align-items:center !important}<\/style><div class=\"stk-row stk-inner-blocks stk--block-align-af70c86 stk-block-content stk-content-align stk-af70c86-column alignfull\">\n<div class=\"wp-block-stackable-column stk-block-column stk-column stk-block stk-d6d431d\" data-v=\"4\" data-block-id=\"d6d431d\"><style>.stk-d6d431d-container{margin-top:0px !important;margin-right:0px !important;margin-bottom:0px !important;margin-left:0px !important}<\/style><div class=\"stk-column-wrapper stk-block-column__content stk-container stk-d6d431d-container stk--no-background stk--no-padding\"><div class=\"stk-block-content stk-inner-blocks stk-d6d431d-inner-blocks\">\n<div class=\"wp-block-stackable-button-group stk-block-button-group stk-block stk-cf1eefb\" data-block-id=\"cf1eefb\"><div class=\"stk-row stk-inner-blocks has-text-align-center stk-block-content stk-button-group\">\n<div class=\"wp-block-stackable-button stk-block-button stk-block stk-cdeadf6\" data-block-id=\"cdeadf6\"><style>.stk-cdeadf6 .stk-button{background:var(--theme-palette-color-2,#fcb424) !important}<\/style><a class=\"stk-link stk-button stk--hover-effect-darken\" href=\"https:\/\/m13solidaire.fr\/?page_id=907\"><span class=\"stk-button__inner-text\">Voir Plus<\/span><\/a><\/div>\n<\/div><\/div>\n<\/div><\/div><\/div>\n<\/div><\/div>\n<\/div><\/div><\/div><\/div>\n<\/div><\/div><\/div>\n\n\n\n<div class=\"wp-block-stackable-column stk-block-column stk-column stk-block stk-09b5d5e\" data-v=\"4\" data-block-id=\"09b5d5e\"><div class=\"stk-column-wrapper stk-block-column__content stk-container stk-09b5d5e-container stk--no-background stk--no-padding\"><div class=\"stk-block-content stk-inner-blocks stk-09b5d5e-inner-blocks\">\n<div class=\"wp-block-stackable-card stk-block-card stk-block stk-848ab92 is-style-default-2\" data-v=\"2\" data-block-id=\"848ab92\"><div class=\"stk--no-padding stk-container stk-848ab92-container stk-hover-parent\"><figure class=\"stk-block-card__image stk-img-wrapper stk-image--shape-stretch\"><img decoding=\"async\" class=\"stk-img wp-image-955\" src=\"https:\/\/m13solidaire.fr\/wp-content\/uploads\/2024\/05\/arton634-16d50.jpg\" width=\"468\" height=\"464\" srcset=\"https:\/\/m13solidaire.fr\/wp-content\/uploads\/2024\/05\/arton634-16d50.jpg 468w, https:\/\/m13solidaire.fr\/wp-content\/uploads\/2024\/05\/arton634-16d50-300x297.jpg 300w, https:\/\/m13solidaire.fr\/wp-content\/uploads\/2024\/05\/arton634-16d50-150x150.jpg 150w, https:\/\/m13solidaire.fr\/wp-content\/uploads\/2024\/05\/arton634-16d50-100x100.jpg 100w\" sizes=\"(max-width: 468px) 100vw, 468px\" \/><\/figure><div class=\"stk-container-padding stk-block-card__content\"><div class=\"stk-block-content stk-inner-blocks stk-848ab92-inner-blocks\">\n<h3 class=\"wp-block-heading\"><strong>Accompagnement personnalis\u00e9<\/strong><\/h3>\n\n\n\n<div class=\"wp-block-stackable-text stk-block-text stk-block stk-0a6c711\" data-block-id=\"0a6c711\"><p class=\"stk-block-text__text\">Services individuels adapt\u00e9s aux besoins sp\u00e9cifiques des habitants, offerts par des travailleurs sociaux ou des conseillers.<\/p><\/div>\n\n\n\n<div class=\"wp-block-stackable-columns alignfull stk-block-columns stk-block stk-e57ac1b\" data-block-id=\"e57ac1b\"><style>.stk-e57ac1b .stk--block-align-e57ac1b{align-items:center !important}<\/style><div class=\"stk-row stk-inner-blocks stk--block-align-e57ac1b stk-block-content stk-content-align stk-e57ac1b-column alignfull\">\n<div class=\"wp-block-stackable-column stk-block-column stk-column stk-block stk-1fd0fcc\" data-v=\"4\" data-block-id=\"1fd0fcc\"><style>.stk-1fd0fcc-container{margin-top:0px !important;margin-right:0px !important;margin-bottom:0px !important;margin-left:0px !important}<\/style><div class=\"stk-column-wrapper stk-block-column__content stk-container stk-1fd0fcc-container stk--no-background stk--no-padding\"><div class=\"stk-block-content stk-inner-blocks stk-1fd0fcc-inner-blocks\">\n<div class=\"wp-block-stackable-button-group stk-block-button-group stk-block stk-fe06d97\" data-block-id=\"fe06d97\"><div class=\"stk-row stk-inner-blocks has-text-align-center stk-block-content stk-button-group\">\n<div class=\"wp-block-stackable-button stk-block-button stk-block stk-0cde975\" data-block-id=\"0cde975\"><style>.stk-0cde975 .stk-button{background:var(--theme-palette-color-2,#fcb424) !important}<\/style><a class=\"stk-link stk-button stk--hover-effect-darken\" href=\"\"><span class=\"stk-button__inner-text\">Voir Plus<\/span><\/a><\/div>\n<\/div><\/div>\n<\/div><\/div><\/div>\n<\/div><\/div>\n<\/div><\/div><\/div><\/div>\n<\/div><\/div><\/div>\n\n\n\n<div class=\"wp-block-stackable-column stk-block-column stk-column stk-block stk-276a5c5\" data-v=\"4\" data-block-id=\"276a5c5\"><div class=\"stk-column-wrapper stk-block-column__content stk-container stk-276a5c5-container stk--no-background stk--no-padding\"><div class=\"stk-block-content stk-inner-blocks stk-276a5c5-inner-blocks\">\n<div class=\"wp-block-stackable-card stk-block-card stk-block stk-84c4812 is-style-default-2\" data-v=\"2\" data-block-id=\"84c4812\"><div class=\"stk--no-padding stk-container stk-84c4812-container stk-hover-parent\"><figure class=\"stk-block-card__image stk-img-wrapper stk-image--shape-stretch\"><img decoding=\"async\" class=\"stk-img wp-image-956\" src=\"https:\/\/m13solidaire.fr\/wp-content\/uploads\/2024\/05\/telechargement.png\" width=\"225\" height=\"225\" srcset=\"https:\/\/m13solidaire.fr\/wp-content\/uploads\/2024\/05\/telechargement.png 225w, https:\/\/m13solidaire.fr\/wp-content\/uploads\/2024\/05\/telechargement-150x150.png 150w, https:\/\/m13solidaire.fr\/wp-content\/uploads\/2024\/05\/telechargement-100x100.png 100w\" sizes=\"(max-width: 225px) 100vw, 225px\" \/><\/figure><div class=\"stk-container-padding stk-block-card__content\"><div class=\"stk-block-content stk-inner-blocks stk-84c4812-inner-blocks\">\n<h3 class=\"wp-block-heading\"><strong>Actions pour l&rsquo;enfance<\/strong><\/h3>\n\n\n\n<div class=\"wp-block-stackable-text stk-block-text stk-block stk-b466c10\" data-block-id=\"b466c10\"><p class=\"stk-block-text__text\">Activit\u00e9s ludiques, \u00e9ducatives et culturelles pour les enfants, favorisant leur d\u00e9veloppement personnel et social<\/p><\/div>\n\n\n\n<div class=\"wp-block-stackable-columns alignfull stk-block-columns stk-block stk-4c7a49d\" data-block-id=\"4c7a49d\"><style>.stk-4c7a49d .stk--block-align-4c7a49d{align-items:center !important}<\/style><div class=\"stk-row stk-inner-blocks stk--block-align-4c7a49d stk-block-content stk-content-align stk-4c7a49d-column alignfull\">\n<div class=\"wp-block-stackable-column stk-block-column stk-column stk-block stk-3209cd5\" data-v=\"4\" data-block-id=\"3209cd5\"><style>.stk-3209cd5-container{margin-top:0px !important;margin-right:0px !important;margin-bottom:0px !important;margin-left:0px !important}<\/style><div class=\"stk-column-wrapper stk-block-column__content stk-container stk-3209cd5-container stk--no-background stk--no-padding\"><div class=\"stk-block-content stk-inner-blocks stk-3209cd5-inner-blocks\">\n<div class=\"wp-block-stackable-button-group stk-block-button-group stk-block stk-dc1f73d\" data-block-id=\"dc1f73d\"><div class=\"stk-row stk-inner-blocks has-text-align-center stk-block-content stk-button-group\">\n<div class=\"wp-block-stackable-button stk-block-button stk-block stk-e035493\" data-block-id=\"e035493\"><style>.stk-e035493 .stk-button{background:var(--theme-palette-color-2,#fcb424) !important}<\/style><a class=\"stk-link stk-button stk--hover-effect-darken\" href=\"https:\/\/m13solidaire.fr\/?page_id=905\"><span class=\"stk-button__inner-text\">Voir Plus<\/span><\/a><\/div>\n<\/div><\/div>\n<\/div><\/div><\/div>\n<\/div><\/div>\n<\/div><\/div><\/div><\/div>\n<\/div><\/div><\/div>\n<\/div><\/div>\n\n\n\n<div class=\"wp-block-stackable-columns stk-block-columns stk-block stk-422afb0\" data-block-id=\"422afb0\"><div class=\"stk-row stk-inner-blocks stk-block-content stk-content-align stk-422afb0-column\">\n<div class=\"wp-block-stackable-column stk-block-column stk-column stk-block stk-9784b3c\" data-v=\"4\" data-block-id=\"9784b3c\"><div class=\"stk-column-wrapper stk-block-column__content stk-container stk-9784b3c-container stk--no-background stk--no-padding\"><div class=\"stk-block-content stk-inner-blocks stk-9784b3c-inner-blocks\">\n<div class=\"wp-block-stackable-card stk-block-card stk-block stk-16fd256 is-style-default-2\" data-v=\"2\" data-block-id=\"16fd256\"><div class=\"stk--no-padding stk-container stk-16fd256-container stk-hover-parent\"><figure class=\"stk-block-card__image stk-img-wrapper stk-image--shape-stretch\"><img decoding=\"async\" class=\"stk-img wp-image-955\" src=\"https:\/\/m13solidaire.fr\/wp-content\/uploads\/2024\/05\/arton634-16d50.jpg\" width=\"468\" height=\"464\" srcset=\"https:\/\/m13solidaire.fr\/wp-content\/uploads\/2024\/05\/arton634-16d50.jpg 468w, https:\/\/m13solidaire.fr\/wp-content\/uploads\/2024\/05\/arton634-16d50-300x297.jpg 300w, https:\/\/m13solidaire.fr\/wp-content\/uploads\/2024\/05\/arton634-16d50-150x150.jpg 150w, https:\/\/m13solidaire.fr\/wp-content\/uploads\/2024\/05\/arton634-16d50-100x100.jpg 100w\" sizes=\"(max-width: 468px) 100vw, 468px\" \/><\/figure><div class=\"stk-container-padding stk-block-card__content\"><div class=\"stk-block-content stk-inner-blocks stk-16fd256-inner-blocks\">\n<h3 class=\"wp-block-heading\"><strong>Aide pour les services publics en ligne<\/strong><\/h3>\n\n\n\n<div class=\"wp-block-stackable-text stk-block-text stk-block stk-f54e845\" data-block-id=\"f54e845\"><p class=\"stk-block-text__text\">Assistance pour l&rsquo;utilisation des services en ligne des administrations publiques, comme les d\u00e9marches administratives et les demandes d&rsquo;aides sociales.<\/p><\/div>\n\n\n\n<div class=\"wp-block-stackable-columns alignfull stk-block-columns stk-block stk-8345a6d\" data-block-id=\"8345a6d\"><style>.stk-8345a6d .stk--block-align-8345a6d{align-items:center !important}<\/style><div class=\"stk-row stk-inner-blocks stk--block-align-8345a6d stk-block-content stk-content-align stk-8345a6d-column alignfull\">\n<div class=\"wp-block-stackable-column stk-block-column stk-column stk-block stk-d632256\" data-v=\"4\" data-block-id=\"d632256\"><style>.stk-d632256-container{margin-top:0px !important;margin-right:0px !important;margin-bottom:0px !important;margin-left:0px !important}<\/style><div class=\"stk-column-wrapper stk-block-column__content stk-container stk-d632256-container stk--no-background stk--no-padding\"><div class=\"stk-block-content stk-inner-blocks stk-d632256-inner-blocks\">\n<div class=\"wp-block-stackable-button-group aligncenter stk-block-button-group stk-block stk-26a8eab\" data-block-id=\"26a8eab\"><div class=\"stk-row stk-inner-blocks has-text-align-center stk-block-content stk-button-group\">\n<div class=\"wp-block-stackable-button stk-block-button stk-block stk-54bca7e\" data-block-id=\"54bca7e\"><style>.stk-54bca7e .stk-button{background:var(--theme-palette-color-2,#fcb424) !important}<\/style><a class=\"stk-link stk-button stk--hover-effect-darken\" href=\"https:\/\/m13solidaire.fr\/?page_id=909\"><span class=\"stk-button__inner-text\">Voir Plus<\/span><\/a><\/div>\n<\/div><\/div>\n<\/div><\/div><\/div>\n<\/div><\/div>\n<\/div><\/div><\/div><\/div>\n<\/div><\/div><\/div>\n\n\n\n<div class=\"wp-block-stackable-column stk-block-column stk-column stk-block stk-9d63c52\" data-v=\"4\" data-block-id=\"9d63c52\"><div class=\"stk-column-wrapper stk-block-column__content stk-container stk-9d63c52-container stk--no-background stk--no-padding\"><div class=\"stk-block-content stk-inner-blocks stk-9d63c52-inner-blocks\">\n<div class=\"wp-block-stackable-card stk-block-card stk-block stk-d4b32c3 is-style-default-2\" data-v=\"2\" data-block-id=\"d4b32c3\"><div class=\"stk--no-padding stk-container stk-d4b32c3-container stk-hover-parent\"><figure class=\"stk-block-card__image stk-img-wrapper stk-image--shape-stretch\"><img loading=\"lazy\" decoding=\"async\" class=\"stk-img wp-image-957\" src=\"https:\/\/m13solidaire.fr\/wp-content\/uploads\/2024\/05\/point_acces_au_service_public_ok.jpg\" width=\"400\" height=\"391\" srcset=\"https:\/\/m13solidaire.fr\/wp-content\/uploads\/2024\/05\/point_acces_au_service_public_ok.jpg 400w, https:\/\/m13solidaire.fr\/wp-content\/uploads\/2024\/05\/point_acces_au_service_public_ok-300x293.jpg 300w\" sizes=\"(max-width: 400px) 100vw, 400px\" \/><\/figure><div class=\"stk-container-padding stk-block-card__content\"><div class=\"stk-block-content stk-inner-blocks stk-d4b32c3-inner-blocks\">\n<div class=\"wp-block-stackable-heading stk-block-heading stk-block-heading--v2 stk-block stk-93f6d91\" id=\"strong-aide-informatique-strong\" data-block-id=\"93f6d91\"><h2 class=\"stk-block-heading__text\"><strong>Aide informatique<\/strong><\/h2><\/div>\n\n\n\n<div class=\"wp-block-stackable-text stk-block-text stk-block stk-b989ba6\" data-block-id=\"b989ba6\"><p class=\"stk-block-text__text\">Cours et support pour apprendre \u00e0 utiliser l&rsquo;ordinateur, Internet et les logiciels de base.<\/p><\/div>\n\n\n\n<div class=\"wp-block-stackable-columns alignfull stk-block-columns stk-block stk-831cf99\" data-block-id=\"831cf99\"><style>.stk-831cf99 .stk--block-align-831cf99{align-items:center !important}<\/style><div class=\"stk-row stk-inner-blocks stk--block-align-831cf99 stk-block-content stk-content-align stk-831cf99-column alignfull\">\n<div class=\"wp-block-stackable-column stk-block-column stk-column stk-block stk-a9ed83c\" data-v=\"4\" data-block-id=\"a9ed83c\"><style>.stk-a9ed83c-container{margin-top:0px !important;margin-right:0px !important;margin-bottom:0px !important;margin-left:0px !important}<\/style><div class=\"stk-column-wrapper stk-block-column__content stk-container stk-a9ed83c-container stk--no-background stk--no-padding\"><div class=\"stk-block-content stk-inner-blocks stk-a9ed83c-inner-blocks\">\n<div class=\"wp-block-stackable-button-group stk-block-button-group stk-block stk-01b576b\" data-block-id=\"01b576b\"><div class=\"stk-row stk-inner-blocks has-text-align-center stk-block-content stk-button-group\">\n<div class=\"wp-block-stackable-button stk-block-button has-text-align-center stk-block stk-e48caba\" data-block-id=\"e48caba\"><style>.stk-e48caba .stk-button{background:var(--theme-palette-color-2,#fcb424) !important}<\/style><a class=\"stk-link stk-button stk--hover-effect-darken\" href=\"\"><span class=\"stk-button__inner-text\">Voir Plus<\/span><\/a><\/div>\n<\/div><\/div>\n<\/div><\/div><\/div>\n<\/div><\/div>\n<\/div><\/div><\/div><\/div>\n<\/div><\/div><\/div>\n<\/div><\/div>\n","protected":false},"excerpt":{"rendered":"<p>Accompagnement \u00e0 la scolarit\u00e9 Aide aux devoirs et soutien p\u00e9dagogique pour les \u00e9l\u00e8ves afin de les aider dans leur r\u00e9ussite scolaire. Voir Plus Accompagnement personnalis\u00e9 Services individuels adapt\u00e9s aux besoins sp\u00e9cifiques des habitants, offerts par des travailleurs sociaux ou des conseillers. Voir Plus Actions pour l&rsquo;enfance Activit\u00e9s ludiques, \u00e9ducatives et culturelles pour les enfants, favorisant [&hellip;]<\/p>\n","protected":false},"author":1,"featured_media":0,"parent":0,"menu_order":0,"comment_status":"closed","ping_status":"closed","template":"","meta":{"footnotes":""},"class_list":["post-812","page","type-page","status-publish","hentry"],"blocksy_meta":[],"_links":{"self":[{"href":"https:\/\/m13solidaire.fr\/index.php?rest_route=\/wp\/v2\/pages\/812","targetHints":{"allow":["GET"]}}],"collection":[{"href":"https:\/\/m13solidaire.fr\/index.php?rest_route=\/wp\/v2\/pages"}],"about":[{"href":"https:\/\/m13solidaire.fr\/index.php?rest_route=\/wp\/v2\/types\/page"}],"author":[{"embeddable":true,"href":"https:\/\/m13solidaire.fr\/index.php?rest_route=\/wp\/v2\/users\/1"}],"replies":[{"embeddable":true,"href":"https:\/\/m13solidaire.fr\/index.php?rest_route=%2Fwp%2Fv2%2Fcomments&post=812"}],"version-history":[{"count":4,"href":"https:\/\/m13solidaire.fr\/index.php?rest_route=\/wp\/v2\/pages\/812\/revisions"}],"predecessor-version":[{"id":1627,"href":"https:\/\/m13solidaire.fr\/index.php?rest_route=\/wp\/v2\/pages\/812\/revisions\/1627"}],"wp:attachment":[{"href":"https:\/\/m13solidaire.fr\/index.php?rest_route=%2Fwp%2Fv2%2Fmedia&parent=812"}],"curies":[{"name":"wp","href":"https:\/\/api.w.org\/{rel}","templated":true}]}}