{"id":1877,"date":"2024-10-27T18:11:58","date_gmt":"2024-10-27T17:11:58","guid":{"rendered":"https:\/\/m13solidaire.fr\/?page_id=1877"},"modified":"2024-10-27T18:11:58","modified_gmt":"2024-10-27T17:11:58","slug":"ecriture-pour-les-retraite","status":"publish","type":"page","link":"https:\/\/m13solidaire.fr\/?page_id=1877","title":{"rendered":"Ecriture pour les retraite"},"content":{"rendered":"<style>.kb-row-layout-id1877_7e1276-d8 > .kt-row-column-wrap{align-content:center;}:where(.kb-row-layout-id1877_7e1276-d8 > .kt-row-column-wrap) > .wp-block-kadence-column{justify-content:center;}.kb-row-layout-id1877_7e1276-d8 > .kt-row-column-wrap{column-gap:var(--global-kb-gap-none, 0rem );row-gap:var(--global-kb-gap-none, 0rem );max-width:1140px;margin-left:auto;margin-right:auto;padding-top:100px;padding-right:0px;padding-bottom:100px;padding-left:0px;grid-template-columns:repeat(2, minmax(0, 1fr));}.kb-row-layout-id1877_7e1276-d8{background-color:var(--global-palette8, #F7FAFC);}.kb-row-layout-id1877_7e1276-d8 > .kt-row-layout-overlay{opacity:0.04;}@media all and (max-width: 1024px){.kb-row-layout-id1877_7e1276-d8 > .kt-row-column-wrap{max-width:700px;margin-left:auto;margin-right:auto;padding-top:80px;padding-right:0px;padding-bottom:80px;padding-left:0px;grid-template-columns:minmax(0, 1fr);}}@media all and (max-width: 767px){.kb-row-layout-id1877_7e1276-d8 > .kt-row-column-wrap{padding-top:60px;padding-right:15px;padding-bottom:60px;padding-left:15px;grid-template-columns:minmax(0, 1fr);}}.kb-row-layout-id1877_7e1276-d8 .contact-img-1 img{margin: -80px 0px -80px 0px;}<\/style><div class=\"kb-row-layout-wrap kb-row-layout-id1877_7e1276-d8 alignfull has-theme-palette8-background-color kt-row-has-bg wp-block-kadence-rowlayout\"><div class=\"kt-row-column-wrap kt-has-2-columns kt-row-layout-equal kt-tab-layout-row kt-mobile-layout-row kt-row-valign-middle\">\n<style>.kadence-column1877_edbfa0-e1 > .kt-inside-inner-col{padding-top:10px;padding-right:10px;padding-bottom:10px;padding-left:10px;}.kadence-column1877_edbfa0-e1 > .kt-inside-inner-col,.kadence-column1877_edbfa0-e1 > .kt-inside-inner-col:before{border-top-left-radius:0px;border-top-right-radius:0px;border-bottom-right-radius:0px;border-bottom-left-radius:0px;}.kadence-column1877_edbfa0-e1 > .kt-inside-inner-col{column-gap:var(--global-kb-gap-sm, 1rem);}.kadence-column1877_edbfa0-e1 > .kt-inside-inner-col{flex-direction:column;}.kadence-column1877_edbfa0-e1 > .kt-inside-inner-col > .aligncenter{width:100%;}.kadence-column1877_edbfa0-e1 > .kt-inside-inner-col:before{opacity:0.3;}.kadence-column1877_edbfa0-e1{position:relative;}.kadence-column1877_edbfa0-e1, .kt-inside-inner-col > .kadence-column1877_edbfa0-e1:not(.specificity){margin-top:0px;margin-right:120px;margin-bottom:0px;margin-left:0px;}@media all and (max-width: 1024px){.kadence-column1877_edbfa0-e1 > .kt-inside-inner-col{flex-direction:column;justify-content:center;}}@media all and (max-width: 1024px){.kadence-column1877_edbfa0-e1, .kt-inside-inner-col > .kadence-column1877_edbfa0-e1:not(.specificity){margin-top:0px;margin-right:0px;margin-bottom:0px;margin-left:0px;}}@media all and (max-width: 767px){.kadence-column1877_edbfa0-e1 > .kt-inside-inner-col{padding-top:0px;padding-right:0px;padding-bottom:0px;padding-left:0px;flex-direction:column;justify-content:center;}}<\/style>\n<div class=\"wp-block-kadence-column kadence-column1877_edbfa0-e1 inner-column-1\"><div class=\"kt-inside-inner-col\">\n<p>\u201cMa vie est un roman\u201d. Entrez, installez-vous, prenons un caf\u00e9, un th\u00e9, un stylo et laissez-vous aller \u00e0 l\u2019\u00e9criture<\/p>\n\n\n\n<p>Un vendredi par mois de 10h30 \u00e0 12h30<\/p>\n\n\n\n<p>Onglet \u00ab&nbsp;<em>en savoir plus<\/em>&nbsp;\u00bb&nbsp;:&nbsp;<\/p>\n\n\n\n<p>Responsable&nbsp;: Isabelle Ferr\u00e9, Macao \u00e9criture(s)<\/p>\n\n\n\n<p>un vendredi par mois de 10h30 \u00e0 12h30 (indiquer les dates)<\/p>\n\n\n\n<p>Inscription requise&nbsp;: OUI \u00catre adh\u00e9rent-e \u00e0 jour de sa cotisation<\/p>\n\n\n\n<p>Activit\u00e9 payante&nbsp;: 5\u20ac \/ 10 ateliers<\/p>\n\n\n\n<p>Lieu&nbsp;: M13S 13 rue Annie Girardot 75013 Paris<\/p>\n<\/div><\/div>\n\n\n<style>.kadence-column1877_a608d3-71 > .kt-inside-inner-col{display:flex;}.kadence-column1877_a608d3-71 > .kt-inside-inner-col,.kadence-column1877_a608d3-71 > .kt-inside-inner-col:before{border-top-left-radius:0px;border-top-right-radius:0px;border-bottom-right-radius:0px;border-bottom-left-radius:0px;}.kadence-column1877_a608d3-71 > .kt-inside-inner-col{column-gap:var(--global-kb-gap-sm, 1rem);}.kadence-column1877_a608d3-71 > .kt-inside-inner-col{flex-direction:column;justify-content:center;}.kadence-column1877_a608d3-71 > .kt-inside-inner-col > .aligncenter{width:100%;}.kt-row-column-wrap > .kadence-column1877_a608d3-71{align-self:center;}.kt-inner-column-height-full:not(.kt-has-1-columns) > .wp-block-kadence-column.kadence-column1877_a608d3-71{align-self:auto;}.kt-inner-column-height-full:not(.kt-has-1-columns) > .wp-block-kadence-column.kadence-column1877_a608d3-71 > .kt-inside-inner-col{flex-direction:column;justify-content:center;}.kadence-column1877_a608d3-71 > .kt-inside-inner-col:before{opacity:0.3;}.kadence-column1877_a608d3-71{position:relative;}@media all and (max-width: 1024px){.kt-row-column-wrap > .kadence-column1877_a608d3-71{align-self:center;}}@media all and (max-width: 1024px){.kt-inner-column-height-full:not(.kt-has-1-columns) > .wp-block-kadence-column.kadence-column1877_a608d3-71{align-self:auto;}}@media all and (max-width: 1024px){.kt-inner-column-height-full:not(.kt-has-1-columns) > .wp-block-kadence-column.kadence-column1877_a608d3-71 > .kt-inside-inner-col{flex-direction:column;justify-content:center;}}@media all and (max-width: 1024px){.kadence-column1877_a608d3-71 > .kt-inside-inner-col{flex-direction:column;justify-content:center;align-items:center;}}@media all and (max-width: 1024px){.kadence-column1877_a608d3-71, .kt-inside-inner-col > .kadence-column1877_a608d3-71:not(.specificity){margin-top:70px;margin-right:0px;margin-bottom:0px;margin-left:0px;}}@media all and (max-width: 767px){.kadence-column1877_a608d3-71 > .kt-inside-inner-col{padding-top:0px;padding-right:0px;padding-bottom:0px;padding-left:0px;flex-direction:column;justify-content:center;align-items:center;}.kt-row-column-wrap > .kadence-column1877_a608d3-71{align-self:center;}.kt-inner-column-height-full:not(.kt-has-1-columns) > .wp-block-kadence-column.kadence-column1877_a608d3-71{align-self:auto;}.kt-inner-column-height-full:not(.kt-has-1-columns) > .wp-block-kadence-column.kadence-column1877_a608d3-71 > .kt-inside-inner-col{flex-direction:column;justify-content:center;}.kadence-column1877_a608d3-71, .kt-inside-inner-col > .kadence-column1877_a608d3-71:not(.specificity){margin-bottom:-80px;}}<\/style>\n<div class=\"wp-block-kadence-column kadence-column1877_a608d3-71 kb-section-dir-vertical inner-column-2\"><div class=\"kt-inside-inner-col\"><style>.kb-image1877_4765e3-ef.kb-image-is-ratio-size, .kb-image1877_4765e3-ef .kb-image-is-ratio-size{max-width:400px;width:100%;}.wp-block-kadence-column > .kt-inside-inner-col > .kb-image1877_4765e3-ef.kb-image-is-ratio-size, .wp-block-kadence-column > .kt-inside-inner-col > .kb-image1877_4765e3-ef .kb-image-is-ratio-size{align-self:unset;}.kb-image1877_4765e3-ef figure{max-width:400px;}.kb-image1877_4765e3-ef .image-is-svg, .kb-image1877_4765e3-ef .image-is-svg img{width:100%;}.kb-image1877_4765e3-ef .kb-image-has-overlay:after{opacity:0.3;border-top-left-radius:200px;border-top-right-radius:200px;border-bottom-right-radius:200px;border-bottom-left-radius:200px;}.kb-image1877_4765e3-ef img.kb-img, .kb-image1877_4765e3-ef .kb-img img{border-top-left-radius:200px;border-top-right-radius:200px;border-bottom-right-radius:200px;border-bottom-left-radius:200px;}<\/style>\n<div class=\"wp-block-kadence-image kb-image1877_4765e3-ef\"><figure class=\"aligncenter size-large kb-image-is-ratio-size\"><div class=\"kb-is-ratio-image kb-image-ratio-square\"><img fetchpriority=\"high\" decoding=\"async\" width=\"1024\" height=\"683\" src=\"https:\/\/m13solidaire.fr\/wp-content\/uploads\/2024\/07\/person-holding-white-ceramci-be-happy-painted-mug-851213-1024x683.jpg\" alt=\"Person Holding White Ceramci Be Happy Painted Mug\" class=\"kb-img wp-image-1518\"\/><\/div><\/figure><\/div>\n<\/div><\/div>\n\n<\/div><\/div>","protected":false},"excerpt":{"rendered":"<p>\u201cMa vie est un roman\u201d. Entrez, installez-vous, prenons un caf\u00e9, un th\u00e9, un stylo et laissez-vous aller \u00e0 l\u2019\u00e9criture Un vendredi par mois de 10h30 \u00e0 12h30 Onglet \u00ab&nbsp;en savoir plus&nbsp;\u00bb&nbsp;:&nbsp; Responsable&nbsp;: Isabelle Ferr\u00e9, Macao \u00e9criture(s) un vendredi par mois de 10h30 \u00e0 12h30 (indiquer les dates) Inscription requise&nbsp;: OUI \u00catre adh\u00e9rent-e \u00e0 jour de [&hellip;]<\/p>\n","protected":false},"author":1,"featured_media":0,"parent":0,"menu_order":0,"comment_status":"closed","ping_status":"closed","template":"","meta":{"footnotes":""},"class_list":["post-1877","page","type-page","status-publish","hentry"],"blocksy_meta":[],"_links":{"self":[{"href":"https:\/\/m13solidaire.fr\/index.php?rest_route=\/wp\/v2\/pages\/1877","targetHints":{"allow":["GET"]}}],"collection":[{"href":"https:\/\/m13solidaire.fr\/index.php?rest_route=\/wp\/v2\/pages"}],"about":[{"href":"https:\/\/m13solidaire.fr\/index.php?rest_route=\/wp\/v2\/types\/page"}],"author":[{"embeddable":true,"href":"https:\/\/m13solidaire.fr\/index.php?rest_route=\/wp\/v2\/users\/1"}],"replies":[{"embeddable":true,"href":"https:\/\/m13solidaire.fr\/index.php?rest_route=%2Fwp%2Fv2%2Fcomments&post=1877"}],"version-history":[{"count":1,"href":"https:\/\/m13solidaire.fr\/index.php?rest_route=\/wp\/v2\/pages\/1877\/revisions"}],"predecessor-version":[{"id":1878,"href":"https:\/\/m13solidaire.fr\/index.php?rest_route=\/wp\/v2\/pages\/1877\/revisions\/1878"}],"wp:attachment":[{"href":"https:\/\/m13solidaire.fr\/index.php?rest_route=%2Fwp%2Fv2%2Fmedia&parent=1877"}],"curies":[{"name":"wp","href":"https:\/\/api.w.org\/{rel}","templated":true}]}}