{"id":1472,"date":"2024-06-27T00:00:24","date_gmt":"2024-06-26T22:00:24","guid":{"rendered":"https:\/\/m13solidaire.fr\/?page_id=1472"},"modified":"2025-07-19T09:09:37","modified_gmt":"2025-07-19T07:09:37","slug":"comment-adherer","status":"publish","type":"page","link":"https:\/\/m13solidaire.fr\/?page_id=1472","title":{"rendered":"Comment adh\u00e9rer\u00a0?"},"content":{"rendered":"\n<p><\/p>\n\n\n\n<div class=\"wp-block-stackable-icon-box stk-block-icon-box stk-block stk-5afb6c4\" data-v=\"2\" data-block-id=\"5afb6c4\"><div class=\"stk-block-content stk-inner-blocks stk-block-icon-box__content stk-container stk-5afb6c4-container stk--no-background stk--no-padding\">\n<div class=\"wp-block-stackable-icon-label stk-block-icon-label stk-block stk-d2b45ef\" data-block-id=\"d2b45ef\"><style>.stk-d2b45ef {margin-bottom:0px !important;}<\/style><div class=\"stk-row stk-inner-blocks stk-block-content\">\n<div class=\"wp-block-stackable-icon stk-block-icon has-text-align-left stk-block stk-fd1d8c3\" data-block-id=\"fd1d8c3\"><style>.stk-fd1d8c3 .stk--svg-wrapper .stk--inner-svg svg:last-child, .stk-fd1d8c3 .stk--svg-wrapper .stk--inner-svg svg:last-child :is(g, path, rect, polygon, ellipse){fill:var(--theme-palette-color-2, #fcb424) !important;}<\/style><span class=\"stk--svg-wrapper\"><div class=\"stk--inner-svg\"><svg style=\"height:0;width:0\"><defs><linearGradient id=\"linear-gradient-fd1d8c3\" x1=\"0\" x2=\"100%\" y1=\"0\" y2=\"0\"><stop offset=\"0%\" style=\"stop-opacity:1;stop-color:var(--linear-gradient-fd-1-d-8-c-3-color-1)\"><\/stop><stop offset=\"100%\" style=\"stop-opacity:1;stop-color:var(--linear-gradient-fd-1-d-8-c-3-color-2)\"><\/stop><\/linearGradient><\/defs><\/svg><svg xmlns=\"http:\/\/www.w3.org\/2000\/svg\" viewBox=\"0 0 512 512\" aria-hidden=\"true\" width=\"32\" height=\"32\"><path d=\"M453.3 19.3l39.4 39.4c25 25 25 65.5 0 90.5l-52.1 52.1 0 0-1-1 0 0-16-16-96-96-17-17 52.1-52.1c25-25 65.5-25 90.5 0zM241 114.9c-9.4-9.4-24.6-9.4-33.9 0L105 217c-9.4 9.4-24.6 9.4-33.9 0s-9.4-24.6 0-33.9L173.1 81c28.1-28.1 73.7-28.1 101.8 0L288 94.1l17 17 96 96 16 16 1 1-17 17L229.5 412.5c-48 48-109.2 80.8-175.8 94.1l-25 5c-7.9 1.6-16-.9-21.7-6.6s-8.1-13.8-6.6-21.7l5-25c13.3-66.6 46.1-127.8 94.1-175.8L254.1 128 241 114.9z\"><\/path><\/svg><\/div><\/span><\/div>\n\n\n\n<div class=\"wp-block-stackable-heading stk-block-heading stk-block-heading--v2 stk-block stk-c39932b\" id=\"adhesion-sur-lannee-scolaire-2025-2026\" data-block-id=\"c39932b\"><h4 class=\"stk-block-heading__text\">Adh\u00e9sion sur l\u2019ann\u00e9e scolaire 2025-2026<\/h4><\/div>\n<\/div><\/div>\n\n\n\n<div class=\"wp-block-stackable-text stk-block-text stk-block stk-45ada88\" data-block-id=\"45ada88\"><p class=\"stk-block-text__text\">10\u20ac par adulte et 5\u20ac par enfant<\/p><\/div>\n<\/div><\/div>\n\n\n\n<div class=\"wp-block-stackable-icon-box stk-block-icon-box stk-block stk-9d04e29\" data-v=\"2\" data-block-id=\"9d04e29\"><div class=\"stk-block-content stk-inner-blocks stk-block-icon-box__content stk-container stk-9d04e29-container stk--no-background stk--no-padding\">\n<div class=\"wp-block-stackable-icon-label stk-block-icon-label stk-block stk-be8d520\" data-block-id=\"be8d520\"><style>.stk-be8d520 {margin-bottom:0px !important;}<\/style><div class=\"stk-row stk-inner-blocks stk-block-content\">\n<div class=\"wp-block-stackable-icon stk-block-icon has-text-align-left stk-block stk-29afc19\" data-block-id=\"29afc19\"><style>.stk-29afc19 .stk--svg-wrapper .stk--inner-svg svg:last-child, .stk-29afc19 .stk--svg-wrapper .stk--inner-svg svg:last-child :is(g, path, rect, polygon, ellipse){fill:var(--theme-palette-color-2, #fcb424) !important;}<\/style><span class=\"stk--svg-wrapper\"><div class=\"stk--inner-svg\"><svg style=\"height:0;width:0\"><defs><linearGradient id=\"linear-gradient-29afc19\" x1=\"0\" x2=\"100%\" y1=\"0\" y2=\"0\"><stop offset=\"0%\" style=\"stop-opacity:1;stop-color:var(--linear-gradient-29-afc-19-color-1)\"><\/stop><stop offset=\"100%\" style=\"stop-opacity:1;stop-color:var(--linear-gradient-29-afc-19-color-2)\"><\/stop><\/linearGradient><\/defs><\/svg><svg xmlns=\"http:\/\/www.w3.org\/2000\/svg\" viewBox=\"0 0 512 512\" aria-hidden=\"true\" width=\"32\" height=\"32\"><path d=\"M256 48a208 208 0 1 1 0 416 208 208 0 1 1 0-416zm0 464A256 256 0 1 0 256 0a256 256 0 1 0 0 512zM369 209c9.4-9.4 9.4-24.6 0-33.9s-24.6-9.4-33.9 0l-111 111-47-47c-9.4-9.4-24.6-9.4-33.9 0s-9.4 24.6 0 33.9l64 64c9.4 9.4 24.6 9.4 33.9 0L369 209z\"><\/path><\/svg><\/div><\/span><\/div>\n\n\n\n<div class=\"wp-block-stackable-heading stk-block-heading stk-block-heading--v2 stk-block stk-4b237e5\" id=\"renouvellement-a-partir-du-mois-daout\" data-block-id=\"4b237e5\"><h4 class=\"stk-block-heading__text\">Renouvellement \u00e0 partir du mois d\u2019ao\u00fbt<\/h4><\/div>\n<\/div><\/div>\n\n\n\n<div class=\"wp-block-stackable-text stk-block-text stk-block stk-9f99722\" data-block-id=\"9f99722\"><p class=\"stk-block-text__text\">l\u2019adh\u00e9sion se fait sur l\u2019ann\u00e9e scolaire\u00a0: ao\u00fbt 2025 \u00e0 juillet 2026<\/p><\/div>\n<\/div><\/div>\n\n\n\n<div class=\"wp-block-stackable-icon-box stk-block-icon-box stk-block stk-f96a4d2\" data-v=\"2\" data-block-id=\"f96a4d2\"><div class=\"stk-block-content stk-inner-blocks stk-block-icon-box__content stk-container stk-f96a4d2-container stk--no-background stk--no-padding\">\n<div class=\"wp-block-stackable-icon-label stk-block-icon-label stk-block stk-28afff1\" data-block-id=\"28afff1\"><style>.stk-28afff1 {margin-bottom:0px !important;}<\/style><div class=\"stk-row stk-inner-blocks stk-block-content\">\n<div class=\"wp-block-stackable-icon stk-block-icon has-text-align-left stk-block stk-0166038\" data-block-id=\"0166038\"><style>.stk-0166038 .stk--svg-wrapper .stk--inner-svg svg:last-child, .stk-0166038 .stk--svg-wrapper .stk--inner-svg svg:last-child :is(g, path, rect, polygon, ellipse){fill:var(--theme-palette-color-2, #fcb424) !important;}<\/style><span class=\"stk--svg-wrapper\"><div class=\"stk--inner-svg\"><svg style=\"height:0;width:0\"><defs><linearGradient id=\"linear-gradient-0166038\" x1=\"0\" x2=\"100%\" y1=\"0\" y2=\"0\"><stop offset=\"0%\" style=\"stop-opacity:1;stop-color:var(--linear-gradient-0166038-color-1)\"><\/stop><stop offset=\"100%\" style=\"stop-opacity:1;stop-color:var(--linear-gradient-0166038-color-2)\"><\/stop><\/linearGradient><\/defs><\/svg><svg xmlns=\"http:\/\/www.w3.org\/2000\/svg\" viewBox=\"0 0 512 512\" aria-hidden=\"true\" width=\"32\" height=\"32\"><path d=\"M320 64A64 64 0 1 0 192 64a64 64 0 1 0 128 0zm-96 96c-35.3 0-64 28.7-64 64v48c0 17.7 14.3 32 32 32h1.8l11.1 99.5c1.8 16.2 15.5 28.5 31.8 28.5h38.7c16.3 0 30-12.3 31.8-28.5L318.2 304H320c17.7 0 32-14.3 32-32V224c0-35.3-28.7-64-64-64H224zM132.3 394.2c13-2.4 21.7-14.9 19.3-27.9s-14.9-21.7-27.9-19.3c-32.4 5.9-60.9 14.2-82 24.8c-10.5 5.3-20.3 11.7-27.8 19.6C6.4 399.5 0 410.5 0 424c0 21.4 15.5 36.1 29.1 45c14.7 9.6 34.3 17.3 56.4 23.4C130.2 504.7 190.4 512 256 512s125.8-7.3 170.4-19.6c22.1-6.1 41.8-13.8 56.4-23.4c13.7-8.9 29.1-23.6 29.1-45c0-13.5-6.4-24.5-14-32.6c-7.5-7.9-17.3-14.3-27.8-19.6c-21-10.6-49.5-18.9-82-24.8c-13-2.4-25.5 6.3-27.9 19.3s6.3 25.5 19.3 27.9c30.2 5.5 53.7 12.8 69 20.5c3.2 1.6 5.8 3.1 7.9 4.5c3.6 2.4 3.6 7.2 0 9.6c-8.8 5.7-23.1 11.8-43 17.3C374.3 457 318.5 464 256 464s-118.3-7-157.7-17.9c-19.9-5.5-34.2-11.6-43-17.3c-3.6-2.4-3.6-7.2 0-9.6c2.1-1.4 4.8-2.9 7.9-4.5c15.3-7.7 38.8-14.9 69-20.5z\"><\/path><\/svg><\/div><\/span><\/div>\n\n\n\n<div class=\"wp-block-stackable-heading stk-block-heading stk-block-heading--v2 stk-block stk-bf3db03\" id=\"pour-adherer\" data-block-id=\"bf3db03\"><h4 class=\"stk-block-heading__text\">Pour adh\u00e9rer<\/h4><\/div>\n<\/div><\/div>\n\n\n\n<div class=\"wp-block-stackable-text stk-block-text stk-block stk-3ee855a\" data-block-id=\"3ee855a\"><p class=\"stk-block-text__text\">S\u2019adresser \u00e0 l\u2019accueil de Maison 13 Solidaire au 13 rue Annie Girardot<\/p><\/div>\n<\/div><\/div>\n\n\n\n<div class=\"wp-block-stackable-icon-box stk-block-icon-box stk-block stk-c5b2de6\" data-v=\"2\" data-block-id=\"c5b2de6\"><div class=\"stk-block-content stk-inner-blocks stk-block-icon-box__content stk-container stk-c5b2de6-container stk--no-background stk--no-padding\">\n<div class=\"wp-block-stackable-icon-label stk-block-icon-label stk-block stk-3476963\" data-block-id=\"3476963\"><style>.stk-3476963 {margin-bottom:0px !important;}<\/style><div class=\"stk-row stk-inner-blocks stk-block-content\">\n<div class=\"wp-block-stackable-icon stk-block-icon has-text-align-left stk-block stk-cd9b8a6\" data-block-id=\"cd9b8a6\"><style>.stk-cd9b8a6 .stk--svg-wrapper .stk--inner-svg svg:last-child, .stk-cd9b8a6 .stk--svg-wrapper .stk--inner-svg svg:last-child :is(g, path, rect, polygon, ellipse){fill:var(--theme-palette-color-2, #fcb424) !important;}<\/style><span class=\"stk--svg-wrapper\"><div class=\"stk--inner-svg\"><svg style=\"height:0;width:0\"><defs><linearGradient id=\"linear-gradient-cd9b8a6\" x1=\"0\" x2=\"100%\" y1=\"0\" y2=\"0\"><stop offset=\"0%\" style=\"stop-opacity:1;stop-color:var(--linear-gradient-cd-9-b-8-a-6-color-1)\"><\/stop><stop offset=\"100%\" style=\"stop-opacity:1;stop-color:var(--linear-gradient-cd-9-b-8-a-6-color-2)\"><\/stop><\/linearGradient><\/defs><\/svg><svg xmlns=\"http:\/\/www.w3.org\/2000\/svg\" viewBox=\"0 0 448 512\" aria-hidden=\"true\" width=\"32\" height=\"32\"><path d=\"M128 0c17.7 0 32 14.3 32 32V64H288V32c0-17.7 14.3-32 32-32s32 14.3 32 32V64h48c26.5 0 48 21.5 48 48v48H0V112C0 85.5 21.5 64 48 64H96V32c0-17.7 14.3-32 32-32zM0 192H448V464c0 26.5-21.5 48-48 48H48c-26.5 0-48-21.5-48-48V192zm80 64c-8.8 0-16 7.2-16 16v96c0 8.8 7.2 16 16 16h96c8.8 0 16-7.2 16-16V272c0-8.8-7.2-16-16-16H80z\"><\/path><\/svg><\/div><\/span><\/div>\n\n\n\n<div class=\"wp-block-stackable-heading stk-block-heading stk-block-heading--v2 stk-block stk-bbee329\" id=\"horaires-douverture\" data-block-id=\"bbee329\"><h4 class=\"stk-block-heading__text\">Horaires d\u2019ouverture<\/h4><\/div>\n<\/div><\/div>\n\n\n\n<div class=\"wp-block-stackable-text stk-block-text stk-block stk-8c67e83\" data-block-id=\"8c67e83\"><p class=\"stk-block-text__text\">Lundi 14h &#8211; 19h <\/p><\/div>\n\n\n\n<div class=\"wp-block-stackable-text stk-block-text stk-block stk-3f072b5\" data-block-id=\"3f072b5\"><p class=\"stk-block-text__text\">Du mardi au vendredi 10h-13h \/ 14h-19h<\/p><\/div>\n<\/div><\/div>\n","protected":false},"excerpt":{"rendered":"<p>Adh\u00e9sion sur l\u2019ann\u00e9e scolaire 2025-2026 10\u20ac par adulte et 5\u20ac par enfant Renouvellement \u00e0 partir du mois d\u2019ao\u00fbt l\u2019adh\u00e9sion se fait sur l\u2019ann\u00e9e scolaire\u00a0: ao\u00fbt 2025 \u00e0 juillet 2026 Pour adh\u00e9rer S\u2019adresser \u00e0 l\u2019accueil de Maison 13 Solidaire au 13 rue Annie Girardot Horaires d\u2019ouverture Lundi 14h &#8211; 19h Du mardi au vendredi 10h-13h \/ [&hellip;]<\/p>\n","protected":false},"author":1,"featured_media":0,"parent":0,"menu_order":0,"comment_status":"closed","ping_status":"closed","template":"","meta":{"footnotes":""},"class_list":["post-1472","page","type-page","status-publish","hentry"],"blocksy_meta":[],"_links":{"self":[{"href":"https:\/\/m13solidaire.fr\/index.php?rest_route=\/wp\/v2\/pages\/1472","targetHints":{"allow":["GET"]}}],"collection":[{"href":"https:\/\/m13solidaire.fr\/index.php?rest_route=\/wp\/v2\/pages"}],"about":[{"href":"https:\/\/m13solidaire.fr\/index.php?rest_route=\/wp\/v2\/types\/page"}],"author":[{"embeddable":true,"href":"https:\/\/m13solidaire.fr\/index.php?rest_route=\/wp\/v2\/users\/1"}],"replies":[{"embeddable":true,"href":"https:\/\/m13solidaire.fr\/index.php?rest_route=%2Fwp%2Fv2%2Fcomments&post=1472"}],"version-history":[{"count":7,"href":"https:\/\/m13solidaire.fr\/index.php?rest_route=\/wp\/v2\/pages\/1472\/revisions"}],"predecessor-version":[{"id":2237,"href":"https:\/\/m13solidaire.fr\/index.php?rest_route=\/wp\/v2\/pages\/1472\/revisions\/2237"}],"wp:attachment":[{"href":"https:\/\/m13solidaire.fr\/index.php?rest_route=%2Fwp%2Fv2%2Fmedia&parent=1472"}],"curies":[{"name":"wp","href":"https:\/\/api.w.org\/{rel}","templated":true}]}}